{"id":1539,"date":"2025-06-26T12:21:10","date_gmt":"2025-06-26T10:21:10","guid":{"rendered":"https:\/\/stopauxviolencesdetat.fr\/?page_id=1539"},"modified":"2025-06-26T13:00:50","modified_gmt":"2025-06-26T11:00:50","slug":"l-435-1","status":"publish","type":"page","link":"https:\/\/stopauxviolencesdetat.fr\/index.php\/l-435-1\/","title":{"rendered":"L 435-1"},"content":{"rendered":"\t\t<div data-elementor-type=\"wp-page\" data-elementor-id=\"1539\" class=\"elementor elementor-1539\" data-elementor-post-type=\"page\">\n\t\t\t\t<div class=\"elementor-element elementor-element-1bd48fb e-flex e-con-boxed e-con e-parent\" data-id=\"1bd48fb\" data-element_type=\"container\">\n\t\t\t\t\t<div class=\"e-con-inner\">\n\t\t\t\t<div class=\"elementor-element elementor-element-d37ca57 elementor-widget-divider--view-line elementor-widget elementor-widget-divider\" data-id=\"d37ca57\" data-element_type=\"widget\" data-widget_type=\"divider.default\">\n\t\t\t\t<div class=\"elementor-widget-container\">\n\t\t\t\t\t\t\t<div class=\"elementor-divider\">\n\t\t\t<span class=\"elementor-divider-separator\">\n\t\t\t\t\t\t<\/span>\n\t\t<\/div>\n\t\t\t\t\t\t<\/div>\n\t\t\t\t<\/div>\n\t\t\t\t\t<\/div>\n\t\t\t\t<\/div>\n\t\t<div class=\"elementor-element elementor-element-c69af2b e-flex e-con-boxed e-con e-parent\" data-id=\"c69af2b\" data-element_type=\"container\">\n\t\t\t\t\t<div class=\"e-con-inner\">\n\t\t\t\t<div class=\"elementor-element elementor-element-d8d337c elementor-widget elementor-widget-heading\" data-id=\"d8d337c\" data-element_type=\"widget\" data-widget_type=\"heading.default\">\n\t\t\t\t<div class=\"elementor-widget-container\">\n\t\t\t\t\t<h1 class=\"elementor-heading-title elementor-size-default\">Comprendre pour combattre : la loi 435-1<\/h1>\t\t\t\t<\/div>\n\t\t\t\t<\/div>\n\t\t\t\t<div class=\"elementor-element elementor-element-e8bf2e4 elementor-widget elementor-widget-text-editor\" data-id=\"e8bf2e4\" data-element_type=\"widget\" data-widget_type=\"text-editor.default\">\n\t\t\t\t<div class=\"elementor-widget-container\">\n\t\t\t\t\t\t\t\t\t<p class=\"p1\">Depuis 2017, l\u2019article L435-1 du Code de la s\u00e9curit\u00e9 int\u00e9rieure autorise les policiers \u00e0 tirer sur des v\u00e9hicules \u00ab en mouvement \u00bb dans des conditions floues et dangereuses. Derri\u00e8re ce jargon juridique se cache une m\u00e9canique meurtri\u00e8re : <b>35 morts<\/b>, souvent jeunes, racis\u00e9s, tu\u00e9s lors de refus d\u2019obtemp\u00e9rer.<\/p><p class=\"p1\">Cette s\u00e9rie de vid\u00e9os en motion design d\u00e9crypte cette loi ligne par ligne, d\u00e9monte les mensonges s\u00e9curitaires et <b>d\u00e9nonce les effets r\u00e9els sur nos vies, nos quartiers, notre d\u00e9mocratie<\/b>. Parce que le droit peut tuer quand il est \u00e9crit pour couvrir l\u2019impunit\u00e9.<\/p><p class=\"p1\"><b>\u00c9pisode apr\u00e8s \u00e9pisode, nous mettons en image ce que l\u2019\u00c9tat pr\u00e9f\u00e8re invisibiliser.<\/b><b><\/b><\/p><p class=\"p1\"><b>Informer, c\u2019est r\u00e9sister. Partager, c\u2019est se battre. Abroger, c\u2019est survivre.<\/b><b><\/b><\/p>\t\t\t\t\t\t\t\t<\/div>\n\t\t\t\t<\/div>\n\t\t\t\t\t<\/div>\n\t\t\t\t<\/div>\n\t\t<div class=\"elementor-element elementor-element-0994dd5 e-flex e-con-boxed e-con e-parent\" data-id=\"0994dd5\" data-element_type=\"container\">\n\t\t\t\t\t<div class=\"e-con-inner\">\n\t\t\t\t<div class=\"elementor-element elementor-element-dba82f1 elementor-widget-divider--view-line elementor-widget elementor-widget-divider\" data-id=\"dba82f1\" data-element_type=\"widget\" data-widget_type=\"divider.default\">\n\t\t\t\t<div class=\"elementor-widget-container\">\n\t\t\t\t\t\t\t<div class=\"elementor-divider\">\n\t\t\t<span class=\"elementor-divider-separator\">\n\t\t\t\t\t\t<\/span>\n\t\t<\/div>\n\t\t\t\t\t\t<\/div>\n\t\t\t\t<\/div>\n\t\t\t\t\t<\/div>\n\t\t\t\t<\/div>\n\t\t<div class=\"elementor-element elementor-element-670373f e-flex e-con-boxed e-con e-parent\" data-id=\"670373f\" data-element_type=\"container\">\n\t\t\t\t\t<div class=\"e-con-inner\">\n\t\t\t\t<div class=\"elementor-element elementor-element-fd2f85e elementor-widget elementor-widget-heading\" data-id=\"fd2f85e\" data-element_type=\"widget\" data-widget_type=\"heading.default\">\n\t\t\t\t<div class=\"elementor-widget-container\">\n\t\t\t\t\t<h2 class=\"elementor-heading-title elementor-size-default\">L435-1 : L'origine de la loi<\/h2>\t\t\t\t<\/div>\n\t\t\t\t<\/div>\n\t\t\t\t\t<\/div>\n\t\t\t\t<\/div>\n\t\t<div class=\"elementor-element elementor-element-f383f41 e-flex e-con-boxed e-con e-parent\" data-id=\"f383f41\" data-element_type=\"container\">\n\t\t\t\t\t<div class=\"e-con-inner\">\n\t\t\t\t<div class=\"elementor-element elementor-element-e591e6e elementor-widget elementor-widget-video\" data-id=\"e591e6e\" data-element_type=\"widget\" data-settings=\"{&quot;youtube_url&quot;:&quot;https:\\\/\\\/www.youtube.com\\\/watch?v=AxvlbidVcNo&quot;,&quot;video_type&quot;:&quot;youtube&quot;,&quot;controls&quot;:&quot;yes&quot;}\" data-widget_type=\"video.default\">\n\t\t\t\t<div class=\"elementor-widget-container\">\n\t\t\t\t\t\t\t<div class=\"elementor-wrapper elementor-open-inline\">\n\t\t\t<div class=\"elementor-video\"><\/div>\t\t<\/div>\n\t\t\t\t\t\t<\/div>\n\t\t\t\t<\/div>\n\t\t\t\t\t<\/div>\n\t\t\t\t<\/div>\n\t\t<div class=\"elementor-element elementor-element-7a8baab e-flex e-con-boxed e-con e-parent\" data-id=\"7a8baab\" data-element_type=\"container\">\n\t\t\t\t\t<div class=\"e-con-inner\">\n\t\t\t\t<div class=\"elementor-element elementor-element-6f4c8af elementor-widget-divider--view-line elementor-widget elementor-widget-divider\" data-id=\"6f4c8af\" data-element_type=\"widget\" data-widget_type=\"divider.default\">\n\t\t\t\t<div class=\"elementor-widget-container\">\n\t\t\t\t\t\t\t<div class=\"elementor-divider\">\n\t\t\t<span class=\"elementor-divider-separator\">\n\t\t\t\t\t\t<\/span>\n\t\t<\/div>\n\t\t\t\t\t\t<\/div>\n\t\t\t\t<\/div>\n\t\t\t\t\t<\/div>\n\t\t\t\t<\/div>\n\t\t<div class=\"elementor-element elementor-element-f19a7b8 e-flex e-con-boxed e-con e-parent\" data-id=\"f19a7b8\" data-element_type=\"container\">\n\t\t\t\t\t<div class=\"e-con-inner\">\n\t\t\t\t<div class=\"elementor-element elementor-element-6dc156a elementor-widget elementor-widget-heading\" data-id=\"6dc156a\" data-element_type=\"widget\" data-widget_type=\"heading.default\">\n\t\t\t\t<div class=\"elementor-widget-container\">\n\t\t\t\t\t<h2 class=\"elementor-heading-title elementor-size-default\">L435-1 du CSI : L\u00e9gitime violence<\/h2>\t\t\t\t<\/div>\n\t\t\t\t<\/div>\n\t\t\t\t\t<\/div>\n\t\t\t\t<\/div>\n\t\t<div class=\"elementor-element elementor-element-fe03af0 e-flex e-con-boxed e-con e-parent\" data-id=\"fe03af0\" data-element_type=\"container\">\n\t\t\t\t\t<div class=\"e-con-inner\">\n\t\t\t\t<div class=\"elementor-element elementor-element-caabe33 elementor-widget elementor-widget-video\" data-id=\"caabe33\" data-element_type=\"widget\" data-settings=\"{&quot;youtube_url&quot;:&quot;https:\\\/\\\/www.youtube.com\\\/watch?v=K4S_ag3Pe8E&quot;,&quot;video_type&quot;:&quot;youtube&quot;,&quot;controls&quot;:&quot;yes&quot;}\" data-widget_type=\"video.default\">\n\t\t\t\t<div class=\"elementor-widget-container\">\n\t\t\t\t\t\t\t<div class=\"elementor-wrapper elementor-open-inline\">\n\t\t\t<div class=\"elementor-video\"><\/div>\t\t<\/div>\n\t\t\t\t\t\t<\/div>\n\t\t\t\t<\/div>\n\t\t\t\t\t<\/div>\n\t\t\t\t<\/div>\n\t\t<div class=\"elementor-element elementor-element-d0031dc e-flex e-con-boxed e-con e-parent\" data-id=\"d0031dc\" data-element_type=\"container\">\n\t\t\t\t\t<div class=\"e-con-inner\">\n\t\t\t\t<div class=\"elementor-element elementor-element-4c5d8c3 elementor-widget-divider--view-line elementor-widget elementor-widget-divider\" data-id=\"4c5d8c3\" data-element_type=\"widget\" data-widget_type=\"divider.default\">\n\t\t\t\t<div class=\"elementor-widget-container\">\n\t\t\t\t\t\t\t<div class=\"elementor-divider\">\n\t\t\t<span class=\"elementor-divider-separator\">\n\t\t\t\t\t\t<\/span>\n\t\t<\/div>\n\t\t\t\t\t\t<\/div>\n\t\t\t\t<\/div>\n\t\t\t\t\t<\/div>\n\t\t\t\t<\/div>\n\t\t\t\t<\/div>\n\t\t","protected":false},"excerpt":{"rendered":"<p>Comprendre pour combattre : la loi 435-1 Depuis 2017, l\u2019article L435-1 du Code de la s\u00e9curit\u00e9 int\u00e9rieure autorise les policiers \u00e0 tirer sur des v\u00e9hicules \u00ab en mouvement \u00bb dans des conditions floues et dangereuses. Derri\u00e8re ce jargon juridique se cache une m\u00e9canique meurtri\u00e8re : 35 morts, souvent jeunes, racis\u00e9s, tu\u00e9s lors de refus d\u2019obtemp\u00e9rer. [&hellip;]<\/p>\n","protected":false},"author":1,"featured_media":0,"parent":0,"menu_order":0,"comment_status":"closed","ping_status":"closed","template":"","meta":{"footnotes":""},"class_list":["post-1539","page","type-page","status-publish","hentry"],"_links":{"self":[{"href":"https:\/\/stopauxviolencesdetat.fr\/index.php\/wp-json\/wp\/v2\/pages\/1539","targetHints":{"allow":["GET"]}}],"collection":[{"href":"https:\/\/stopauxviolencesdetat.fr\/index.php\/wp-json\/wp\/v2\/pages"}],"about":[{"href":"https:\/\/stopauxviolencesdetat.fr\/index.php\/wp-json\/wp\/v2\/types\/page"}],"author":[{"embeddable":true,"href":"https:\/\/stopauxviolencesdetat.fr\/index.php\/wp-json\/wp\/v2\/users\/1"}],"replies":[{"embeddable":true,"href":"https:\/\/stopauxviolencesdetat.fr\/index.php\/wp-json\/wp\/v2\/comments?post=1539"}],"version-history":[{"count":10,"href":"https:\/\/stopauxviolencesdetat.fr\/index.php\/wp-json\/wp\/v2\/pages\/1539\/revisions"}],"predecessor-version":[{"id":1554,"href":"https:\/\/stopauxviolencesdetat.fr\/index.php\/wp-json\/wp\/v2\/pages\/1539\/revisions\/1554"}],"wp:attachment":[{"href":"https:\/\/stopauxviolencesdetat.fr\/index.php\/wp-json\/wp\/v2\/media?parent=1539"}],"curies":[{"name":"wp","href":"https:\/\/api.w.org\/{rel}","templated":true}]}}